ite?
False
Is 1483303 composite?
True
Is 142357 a composite number?
False
Is 146719 a prime number?
True
Is 307 composite?
False
Is 283895 a prime number?
False
Is 128591 a composite number?
False
Is 5201 composite?
True
Is 44449 prime?
True
Is 11087 prime?
True
Is 7377 a composite number?
True
Is 13619 a prime number?
True
Is 80297 a composite number?
True
Is 416023 prime?
True
Is 6163 a prime number?
True
Is 8407 prime?
False
Is 271441 a prime number?
False
Is 25835 prime?
False
Is 7841 a prime number?
True
Is 690919 a prime number?
True
Is 189877 a prime number?
True
Is 8402 composite?
True
Is 139661 a composite number?
False
Is 132421 a composite number?
False
Is 38461 composite?
False
Is 5671 a composite number?
True
Is 192161 a composite number?
False
Is 1733 a composite number?
False
Is 30917 a composite number?
True
Is 2159 a prime number?
False
Is 888389 composite?
False
Is 23459 a composite number?
False
Is 37157 composite?
True
Is 1735 a composite number?
True
Is 6607 a composite number?
False
Is 6491 composite?
False
Is 161543 prime?
True
Is 7367 a prime number?
False
Is 81166 prime?
False
Is 65327 composite?
False
Is 3442 a composite number?
True
Is 59663 composite?
False
Is 1203121 composite?
False
Is 431773 a composite number?
True
Is 3907 prime?
True
Is 839 composite?
False
Is 15227 composite?
False
Is 903689 prime?
False
Is 100379 composite?
False
Is 18965 composite?
True
Is 328291 prime?
True
Is 290309 a prime number?
False
Is 3277 composite?
True
Is 19759 composite?
False
Is 1011 composite?
True
Is 1261411 composite?
False
Is 596369 a prime number?
True
Is 1746847 a composite number?
False
Is 2839647 a composite number?
True
Is 24547 composite?
False
Is 306239 composite?
False
Is 871859 a composite number?
True
Is 1861 composite?
False
Is 1302107 composite?
False
Is 696862 prime?
False
Is 268841 composite?
False
Is 3566 a prime number?
False
Is 20011 a prime number?
True
Is 1543 prime?
True
Is 122477 prime?
True
Is 29777 a prime number?
False
Is 543109 composite?
True
Is 13333 prime?
False
Is 65167 prime?
True
Is 956617 a composite number?
False
Is 59331 prime?
False
Is 89855 prime?
False
Is 27355 a prime number?
False
Is 49451 composite?
False
Is 62683 a composite number?
False
Is 32909 a prime number?
True
Is 10687 prime?
True
Is 183871 prime?
True
Is 2117 composite?
True
Is 4493 a prime number?
True
Is 27637 a composite number?
True
Is 2161 prime?
True
Is 64131 a prime number?
False
Is 73181 composite?
False
Is 89179 composite?
True
Is 431141 a composite number?
False
Is 11819 prime?
False
Is 584602 a prime number?
False
Is 12007 a prime number?
True
Is 355835 composite?
True
Is 145763 composite?
True
Is 1480733 a composite number?
False
Is 64481 a composite number?
True
Is 23099 prime?
True
Is 18899 a composite number?
False
Is 44227 prime?
False
Is 61337 a composite number?
True
Is 51449 composite?
False
Is 500345 a composite number?
True
Is 8051 a composite number?
True
Is 68246 a prime number?
False
Is 301823 prime?
False
Is 253273 a prime number?
True
Is 701 composite?
False
Is 115834 a prime number?
False
Is 23473 a composite number?
False
Is 6583 a prime number?
False
Is 11519 prime?
True
Is 1109 composite?
False
Is 2419 composite?
True
Is 5569 composite?
False
Is 2268131 prime?
True
Is 15551 prime?
True
Is 375469 composite?
True
Is 4369 composite?
True
Is 3299 composite?
False
Is 12895 prime?
False
Is 18299 composite?
True
Is 9289 composite?
True
Is 538189 composite?
True
Is 180413 a prime number?
True
Is 6459 prime?
False
Is 83843 prime?
True
Is 2081 composite?
False
Is 47473 a prime number?
False
Is 468011 composite?
False
Is 47351 prime?
True
Is 167929 a composite number?
True
Is 5163 a composite number?
True
Is 2909 a prime number?
True
Is 26053 prime?
True
Is 1072457 a prime number?
True
Is 14711 a prime number?
False
Is 689 a composite number?
True
Is 18839 composite?
False
Is 25523 a prime number?
True
Is 1973 a composite number?
False
Is 509693 prime?
True
Is 6805 prime?
False
Is 481963 composite?
False
Is 21314 prime?
False
Is 1439 a composite number?
False
Is 493459 composite?
True
Is 31687 prime?
True
Is 81331 composite?
False
Is 38929 a prime number?
False
Is 109469 prime?
True
Is 104243 composite?
False
Is 5779 prime?
True
Is 2391 composite?
True
Is 7789 a composite number?
False
Is 21287 prime?
False
Is 37673 composite?
True
Is 544259 composite?
False
Is 83887 a composite number?
True
Is 1363567 composite?
True
Is 421891 prime?
True
Is 439661 a composite number?
False
Is 97049 a composite number?
True
Is 200639 a composite number?
False
Is 1239023 a composite number?
False
Is 10559 a prime number?
True
Is 14897 a prime number?
True
Is 14971 composite?
True
Is 133451 a prime number?
True
Is 4559 composite?
True
Is 213589 a composite number?
False
Is 125413 prime?
False
Is 1357 a composite number?
True
Is 54647 a prime number?
True
Is 4718399 composite?
True
Is 225631 composite?
True
Is 200293 composite?
False
Is 19717 composite?
False
Is 10921 a composite number?
True
Is 3649 composite?
True
Is 1543 prime?
True
Is 182803 prime?
True
Is 28493 a prime number?
True
Is 1000551 a prime number?
False
Is 215015 prime?
False
Is 9293 a composite number?
False
Is 1299143 a composite number?
False
Is 45643 prime?
False
Is 553657 a prime number?
False
Is 13309 a composite number?
False
Is 6711 a composite number?
True
Is 32521 a prime number?
False
Is 490277 a prime number?
True
Is 10834 prime?
False
Is 53161 a prime number?
True
Is 79179 prime?
False
Is 85331 a composite number?
False
Is 2599 prime?
False
Is 49139 prime?
True
Is 27239 a prime number?
True
Is 11062 a prime number?
False
Is 659809 prime?
False
Is 83303 prime?
False
Is 1483759 a prime number?
True
Is 53939 a composite number?
False
Is 3847 prime?
True
Is 5897 prime?
True
Is 789 a prime number?
False
Is 89153 a composite number?
False
Is 16771 a composite number?
True
Is 1214249 prime?
False
Is 79657 a composite number?
False
Is 339823 composite?
True
Is 116771 composite?
True
Is 31847 prime?
True
Is 64679 prime?
True
Is 148483 prime?
True
Is 957403 composite?
False
Is 23869 a prime number?
True
Is 603741 prime?
False
Is 8651 composite?
True
Is 98179 prime?
True
Is 99449 prime?
False
Is 1520158 a composite number?
True
Is 17305 prime?
False
Is 37165 prime?
False
Is 712109 a composite number?
False
Is 85313 composite?
False
Is 5617 composite?
True
Is 32081 a prime number?
False
Is 376149 a composite number?
True
Is 100447 a prime number?
True
Is 16847 a prime number?
False
Is 11893 composite?
True
Is 58189 a prime number?
True
Is 25417 prime?
False
Is 236617 composite?
True
Is 2203 a composite number?
False
Is 2285 prime?
False
Is 41991 a composite number?
True
Is 73591 a prime number?
False
Is 13285 a composite number?
True
Is 385159 a prime number?
True
Is 129813 composite?
True
Is 244763 a prime number?
False
Is 906893 composite?
True
Is 91033 composite?
False
Is 4889 a composite number?
False
Is 21541 a composite number?
True
Is 3641 a composite number?
True
Is 1190029 prime?
True
Is 758519 a composite number?
False
Is 1014317 composite?
False
Is 23159 composite?
False
Is 28789 a composite number?
False
Is 98317 composite?
False
Is 116867 prime?
True
Is 84251 a composite number?
True
Is 3118 a prime number?
False
Is 331991 a composite number?
True
Is 33311 prime?
True
Is 66631 composite?
True
Is 65519 a prime number?
True
Is 17399 a prime number?
False
Is 5771 prime?
False
Is 5779 prime?
True
Is 49807 a composite number?
False
Is 7753 composite?
False
Is 573647 prime?
True
Is 2869859 a composite number?
False
Is 260713 a composite number?
False
Is 12829 a prime number?
True
Is 96643 a composite number?
False
Is 1278701 composite?
False
Is 1751083 a composite number?
False
Is 634 composite?
True
Is 92251 prime?
True
Is 44329 prime?
False
Is 13921 composite?
False
Is 2983 composite?
True
Is 19391 a composite number?
False
Is 116822 a composite number?
True
Is 98206 composite?
True
Is 921901 composite?
False
Is 139547 a composite number?
False
Is 25202 a composite number?
True
Is 298867 a composite number?
True
Is 25147 a prime number?
True
Is 2818 prime?
False
Is 29201 a prime number?
True
Is 76333 a composite number?
False
Is 228181 prime?
Tr